 4*u**3 + 8*u**2 - 12*u + 12. Let j(w) = w**3 - w + 1. Let q(m) = i(m) - 3*j(m). What is q(-9)?
9
Suppose g = 3*h - 6, 0*h = 3*g - 5*h + 22. Let x = 14 + g. Suppose -5*p + 20 = -x. Let n(s) = -s**3 + 6*s**2 - 3*s - 3. Calculate n(p).
7
Let n(h) = -h**2 - 5*h - 2. Suppose j - 6*j = 15. What is n(j)?
4
Let n(z) be the second derivative of z**7/2520 + z**6/144 + z**5/30 - z**4/4 + z. Let v(d) be the third derivative of n(d). What is v(-5)?
4
Let p be 10/(-25)*(-6 + 1). Let z(b) = -p - 5*b - b**2 - 2 - 2. Let s = 0 + -5. Determine z(s).
-6
Let d(a) = a**2 - 7*a - 4. Let g be d(8). Let r(h) = -g + 4*h - h**2 + 2 - 4. Calculate r(4).
-6
Let b(m) = 3*m + 1. Let h = -19 - -25. Let w = 2 - h. Determine b(w).
-11
Let c(m) = 12*m**2 + 1. Suppose -2*u = -h - 9, -h + 14 = h + 4*u. Calculate c(h).
13
Let l(q) = -2 + 0*q + 4*q - 6*q. Suppose 0*r = r - 8. Let p be (-3)/(-12) + (-34)/r. Determine l(p).
6
Let u = 12 - 8. Let q be (0 - -2)/((-8)/(-20)). Let z(x) = -1 - x**3 + 0*x**2 + 2*x + q*x**2 - 7*x. Determine z(u).
-5
Suppose -2 = -s - 4. Let v(h) = -h**2 - 2. Determine v(s).
-6
Let b(k) be the first derivative of -5/3*k**3 - 7*k + 1/4*k**4 + 8 + 0*k**2. Determine b(5).
-7
Let u(x) = -25*x + 48*x - 27*x + 1. Calculate u(-2).
9
Let s be (32 + -1)/(3 - 2). Let w(u) = -s + 4*u**2 - 4*u + u + 27 - u**3. Give w(3).
-4
Let z be 14/18 - 4/(-18). Let y(f) be the second derivative of f**5/4 + f**4/12 + f**3/6 - f**2/2 + 10*f. Give y(z).
6
Suppose -5*h + 16 = -2*a, 0 = 5*a - 3*h - 3 + 5. Let g(l) = -7 + 0*l + 2 + 3 - a*l. Let b(o) = -o**2 - 5*o + 3. Let v be b(-5). Determine g(v).
-8
Let x(p) = -5*p**2 + 2*p. Let o be x(1). Let k(w) be the third derivative of -2*w**2 + 0 + 0*w + 1/2*w**3 + 1/12*w**4. What is k(o)?
-3
Let a(g) be the third derivative of g**4/12 + 2*g**3/3 - 5*g**2. Give a(3).
10
Suppose 4*i - 4*y = -4, y = -3*i - 3*y + 32. Let h(x) = x**3 - 4*x**2 - x - 1. Calculate h(i).
-5
Let i(a) = a**2 + 6*a + 3. Suppose 4*d = 2*u - 4*u, 4*u = -3*d. Let w = 0 - d. Let x = w + -2. What is i(x)?
-5
Let y(p) be the first derivative of p**5/20 + p**4/12 - 2*p**3/3 + p**2/2 - 2*p - 1. Let c(m) be the first derivative of y(m). Let z = -8 - -5. What is c(z)?
-5
Let o = 8 - 2. Suppose 0 = 3*v - o. Let k(x) = v*x**2 + 3*x**2 + x**3 - 2*x**3. Give k(5).
0
Let i(u) be the first derivative of -u**2/2 - 10*u + 2. Suppose -1 = 3*q - 3*l + 2*l, -4*l + 4 = -4*q. Determine i(q).
-10
Let y(a) = -5*a - a - 3 + 13 + 5*a. Determine y(9).
1
Let k(g) = g**3 - 6*g**2 + 4*g - 1. Let u(b) = 3*b + 12. Let a be u(-9). Let w be 3 - (a*1 - -3). Let q = -10 + w. Determine k(q).
-6
Let h be 12 - 2/(-3 + 2). Suppose 0 = -3*o - 2*o + 70. Let x be (-4)/h - 66/o. Let l(f) = -f**2 - 3*f + 2. Determine l(x).
-8
Let o(q) be the second derivative of q**3/2 + 7*q**2/2 - 19*q. Give o(-5).
-8
Let q(s) = -s**3 + s**2 - s. Let g be q(1). Let f(h) be the third derivative of -6*h**2 + 0*h**3 + 0*h - 1/24*h**4 + 0. Determine f(g).
1
Let c be (-2)/(-4)*2 - -1. Let y(i) = 5*i + i**2 - 2*i**3 + i - c*i - 1 - i. Suppose 5*a - 5 = -r + 1, 0 = -4*a - 4*r - 8. Give y(a).
-7
Let g(t) = 2*t + 2. Suppose -5*b - 4*r = -0*r + 32, -2*b + 2*r = 2. Give g(b).
-6
Let i(k) = k**3 - k**2 + 10*k + 9. Let r(v) = v**2 - v - 1. Let b(m) = i(m) + 6*r(m). Let g be (0 - -3*1)/(-1). Calculate b(g).
9
Let x(y) be the second derivative of y**3/6 - 4*y**2 - 21*y. Let z(p) = -4 + 0*p + p - 3. Let d(w) = 4*x(w) - 5*z(w). Give d(4).
-1
Let d = -13 + 11. Let h(g) = -g + 4. Let k be h(d). Let y(a) = a**2 - 7*a + 3. Give y(k).
-3
Let o(i) = 12*i**2 + 2*i - 1. Let r = 12 + -6. Suppose -r*q = -10*q + 4. What is o(q)?
13
Let c = -5 - 2. Let l(b) = b + 7. Let g be l(c). Let d(z) = 7*z**2 - 3*z - 10. Let j(i) = -11*i**2 + 5*i + 15. Let x(v) = 8*d(v) + 5*j(v). Determine x(g).
-5
Let k(j) = 2*j**2 - 6*j + 2*j - 3*j**2. Let a be (-3)/9 - 11/3. What is k(a)?
0
Let l(j) = j**3 - 5*j**2 - 15*j + 11. Let v be l(7). Let c(b) = -b**2 + 3*b - 2. What is c(v)?
-6
Suppose 5*d - d + 4*x = 32, 0 = -d + 4*x - 17. Suppose 0*f - d = -f. Let n(q) = q - 2. Determine n(f).
1
Let p(d) = -d**3 - d**2 + d - 3. Let a be (12/(-15))/((-3)/(-45)). Let m(z) = -z**3 - 13*z**2 - 13*z - 12. Let t be m(a). Give p(t).
-3
Suppose d + 3*d - 12 = 0. Let u(v) = -10*v - d + 3. Calculate u(-1).
10
Let n(o) = o**2 + 3*o - 4. Suppose -z - 10 = 3*v, 2*v = 3*z - 3*v - 26. Let w be (-9)/6 - 7/z. Give n(w).
6
Let o = 2 + -1. Let h(m) = -1. Let w(c) = -c + 6. Let l(i) = o*w(i) + 2*h(i). What is l(-4)?
8
Let t(z) = -3*z**2. Suppose -8 = -5*k + 12. Suppose k*o + 24 = o. Let i = o - -7. Determine t(i).
-3
Let o(s) be the first derivative of s**2/2 - 2*s + 1. Suppose 0 = -3*u - 2*x - 20, -u - 14 = 3*x + 2. Let j be 2/u*16/2. Give o(j).
-6
Let m(a) = -a**2 + 14*a + 6. Let p be m(14). Let o(k) = -k**2 + 4*k + 8. Give o(p).
-4
Let i be 1 - (-3 - -1)*1. Suppose -5*t - 10 = -i*t. Let j(o) be the third derivative of -o**4/24 - o**3/3 - o**2. Calculate j(t).
3
Let f(r) = 2*r. Let q(c) = -3*c - 1. Let d(h) = 4*f(h) + 3*q(h). Determine d(-4).
1
Let i(o) = -o**2 + o + 1. Let x(w) = -7*w**2 - 4*w - 5. Let n(r) = 6*i(r) - x(r). Let a(y) = y + 1. Let f(u) = -5*a(u) + n(u). Let s = 7 + -11. Determine f(s).
2
Suppose -2*s - 20 = -3*a + 3*s, -2*s = a - 3. Let j(d) = -1 - 5*d**2 - d + d**2 + 3*d**2 - a*d. Let u = -7 - -4. What is j(u)?
8
Let y(w) = w**3 - 6*w**2 - w + 3. Let i be (-16)/56 + (-44)/(-7). Let p be y(i). Let t(f) = -f**2 - 2*f - 1. What is t(p)?
-4
Let g be ((-8)/(-20))/(1/5). Let j(h) = -3*h - h - 1 + g*h. Let y(w) = 3*w**3 + 2*w**2 - 1. Let b be y(-1). What is j(b)?
3
Suppose -8 - 4 = -3*h. Let l(a) = 6*a - 2 - 4*a + 0. Calculate l(h).
6
Let o(j) = 5*j + 7 - 4*j - 4*j - j - j**2. Give o(-5).
2
Let w(k) = k**3 - 3*k**2 - 2*k - 5. Let v(b) = b**3 + 7*b**2 + b + 10. Let s be v(-7). Let g = 6 - s. Suppose -4 = -4*l + g*l. What is w(l)?
3
Suppose 2*j - 5 = c + 2, 0 = j - 2. Let f(m) = m**3 + 3*m**2 - m - 4. Calculate f(c).
-1
Let n(v) be the first derivative of v**2 + v + 1. Suppose 2*i + 2*s + 1 = s, -5*s = 2*i + 13. Give n(i).
3
Let f(y) = y**3 - 8*y**2 + 7*y - 8. Let c = -54 + 61. What is f(c)?
-8
Let k(w) = -w - 1. Let h be (-2)/(0 - -1)*1. Let p(o) = -o**3 + o**2 - 1. Let q be p(h). Suppose x = -5*i - q, i + 0 + 2 = 0. Calculate k(x).
0
Let h(z) = -2*z**3 - z**2 - z - 1. Let j be h(0). Let l(k) = -9*k**3 + 2*k + 1. Give l(j).
8
Let q(j) = -2*j**3 - 3*j**2 - 9*j - 7. Let y(l) = -l**3 - l**2 - 4*l - 3. Let w(u) = 3*q(u) - 7*y(u). Determine w(2).
2
Let r(y) = -y + 1. Let k(p) = -6*p + 7. Let j(z) = 2*k(z) - 11*r(z). Determine j(7).
-4
Suppose 0*t = 3*t - 6. Let f(m) = -m**3 + 3*m**2 - m + 1. What is f(t)?
3
Suppose d - 5*r = -20, 5*d - 4*r = r - 20. Let z(c) be the third derivative of -c**4/24 + 4*c**3/3 - c**2. Give z(d).
8
Let r(z) = z**2 - 2*z - 3. Let n be r(4). Let m(c) = -4*c**2 + 5*c - 7. Let h(p) = -3*p**2 + 5*p - 6. Let y(a) = n*h(a) - 4*m(a). What is y(-5)?
-2
Let a = 27 + -41. Let h = 25 + a. Suppose -14 = -2*q - v - 3*v, 0 = -5*q + 2*v + h. Let t(z) = -z**3 + 2*z**2 + 3*z + 4. Calculate t(q).
4
Let s be (1 - 2)/((-3)/6). Let d(g) = g - s + g**2 + 4 - 1. Let l be (0 + 1)*(-6)/3. Calculate d(l).
3
Let j(b) = -3*b**3 + 2*b**2 - 2*b - 6. Let o(y) = y**3 - y + 1. Let w(i) = j(i) + 4*o(i). What is w(-4)?
-10
Let y = -5 + 4. Let f(z) be the second derivative of 7*z**5/20 + z**2/2 + 2*z. What is f(y)?
-6
Let n(f) be the second derivative of -f + 5/12*f**4 + 3/2*f**2 - 1/20*f**5 - 1/3*f**3 + 0. Let s(u) = u**2 + 4*u. Let d be s(-5). Determine n(d).
-7
Let w = 31 - 22. Let p be (-1)/(12/w)*-4. Let l(j) = 1 - 4*j + j**2 - 1 + 3. Determine l(p).
0
Let w(i) = -7*i**3 - 5*i**2 - 5*i - 1. Let v(n) = -4*n**3 - 2*n**2 - 2*n. Let z(j) = -5*v(j) + 3*w(j). Give z(-4).
1
Let w(f) = -f**3 - 5*f**2 - 2*f - 5. Let o(t) = -2*t + 3. Let k = 5 + -1. Let q be o(k). Determine w(q).
5
Suppose 0 = 3*a + 2*r - 0 + 15, -2*a = -5*r + 10. Let j(y) = -y**3 - 6*y**2 - 4*y + 4. Determine j(a).
-1
Let t(g) = -g**3 + 4*g**2 + 5*g + 6. Suppose -3*i + 5 + 7 = 0. Suppose i*l + 13 = 5*n + l, -n - 5*l + 25 = 0. Calculate t(n).
6
Let v(z) = -2*z - 1. Let l(g) = 3*g + 1. Let n(s) = 3*l(s) + 2*v(s). Give n(1).
6
Let n(p) = -p**2 + 2. Let k be n(0). Let l(z) = -38 + 37 + z + 0*z. What is l(k)?
1
Let m be (-82)/(-10) + 1/(-5). Let y = 